= 7 - n. What is the units digit of k?
5
What is the ten thousands digit of 29/((-1218)/(-56)) - (-2)/3 - -12346?
1
Suppose 14*a - 2*k + 14666 = 19*a, 0 = 5*a + k - 14673. What is the units digit of a?
6
What is the thousands digit of -1 + 7634 + (-3 - -10)?
7
Let d(p) = -8*p - 6 - 6*p + 24*p**2 + 9*p. Let i = -25 + 23. What is the tens digit of d(i)?
0
Suppose -3*r + 1410 - 8184 = 4*s, 0 = -3*r + 5*s - 6747. Let k = r + 3660. What is the tens digit of k?
0
Suppose 3*x + 31 = s, -2*x + 2*s - 7*s - 49 = 0. Let o = x - -12. Suppose -3*j + 96 = 3*l, 5*l - 2*j = -o*l + 181. What is the units digit of l?
5
Let m(f) = 632*f**2 - 15*f - 1. Let t be m(2). Suppose -9*x - 409 = -t. What is the hundreds digit of x?
2
Suppose 15*s - 14*s - 1095 = o, -4385 = -4*s - o. Let d = s - -221. What is the thousands digit of d?
1
What is the tens digit of (1/((-2)/6338))/(-1)?
6
Let h be ((-3)/6)/((-2)/(-332)). Suppose 0 = -2*i + 11 + 239. Let b = i + h. What is the units digit of b?
2
Suppose -7*r + 3*r = -440. Suppose -q + 4*i + 146 = 0, 4*q - 42*i + 46*i = 704. Let d = q - r. What is the tens digit of d?
6
Suppose -j = -2*g + 5390, 5*g = -2*j + 3*j + 13472. Let u = g + -1658. Suppose 7*s = u + 133. What is the tens digit of s?
6
Let y(m) = 27 - 18 + 13*m - 37. Suppose d = 2*x - 0*x - 23, 3*x + 5*d = 67. What is the units digit of y(x)?
4
What is the ten thousands digit of (-16)/72 + 677453*6/378?
1
What is the units digit of 1432626/42 - 216/(-252)?
1
Suppose 50705 = 15*l - 3*l - 164143. What is the tens digit of l?
0
Suppose -15*a - 9*a = -122496. Suppose 0 = -5*n + a - 549. What is the tens digit of n?
1
Let m = -1776 + 1540. Let t(p) = 4*p**2 + 11*p + 2. Let l be t(8). Let i = l + m. What is the units digit of i?
0
What is the ten thousands digit of (-9 + 3 - (-471)/(-6))/((-2)/272)?
1
Let v(w) = 110*w**2 - 171*w + 2463. What is the units digit of v(15)?
8
Suppose l + 119971 = 8*i, i - 9*l = -6*l + 15005. What is the units digit of i?
6
Let s be 1/8 - 93/(-24). Suppose -5*a = -s*c - 238, 0 = 2*c - 5*c - 6. What is the units digit of a?
6
Let s(a) = 122*a**3 + 5*a**2 - 10*a + 54. What is the ten thousands digit of s(5)?
1
Let i = -2525 - -4740. Suppose -37*u = i - 16016. What is the units digit of u?
3
Suppose -11 = 3*f - 17. Let u(o) = -2 - 2*o - 4*o + 15 + o**f + 4*o. What is the tens digit of u(0)?
1
Let f = -17725 - -19075. What is the units digit of f?
0
Suppose 82 = 5*g + 27. Let i = 13 - g. What is the tens digit of i*-4*(-65)/40?
1
Suppose 0 = 131*n - 571479 - 827077. What is the ten thousands digit of n?
1
Let b(y) = -877*y - 3322. What is the hundreds digit of b(-12)?
2
What is the hundreds digit of 8 + -11 - -15 - -35836?
8
What is the hundreds digit of ((-128)/3)/((-11)/(379797/34))?
3
Suppose 4*o - 4 = 12. Suppose -5*y = 3*z + 6, -z + 2 = o*y - 2*z. Suppose 3*f - i = 626 - 20, f + 2*i - 202 = y. What is the tens digit of f?
0
Let w be ((-24)/2)/(93/(-62)). What is the tens digit of 766 + w/((-2)/1)?
6
Suppose -7649 = -3*b + 14029. What is the units digit of b?
6
Let b be 4 - 5/(-10) - 9/6. Suppose 3 = -n, 0 = 9*h - 5*h - b*n - 829. What is the tens digit of h?
0
Suppose 0 = -5*k - 257 + 267. Let t = k + 72. What is the units digit of t?
4
Suppose 5 = -8*z + 3*z. Let c(x) be the second derivative of -91*x**5/20 - x**3/6 - x**2/2 + 8*x - 8. What is the units digit of c(z)?
1
Suppose -39*l = -23*l + 192. What is the hundreds digit of (l/10 + 0)/(12/(-2520))?
2
Suppose 4*o - 2*d - 54 = 0, 5*d - 21 = -2*o + 4*d. Suppose -3*s = -0*s - 4*h - 2065, -3*h = o. What is the hundreds digit of s?
6
Let l(h) = -5657*h**3 + 3*h**2 - 14*h - 43. What is the tens digit of l(-2)?
5
Let a(k) = 305*k**2 + 70*k + 508. What is the units digit of a(-6)?
8
Suppose 2*m + 122 = -22. Let s be (1 + 2)*m/(-54). Suppose 2*c - 165 = 5*p, -s*c + 3*p + p + 300 = 0. What is the units digit of c?
0
Suppose 72 + 712 = 960*y - 946*y. Suppose -2*x = x - 162. Let h = y - x. What is the units digit of h?
2
Suppose -f - 4*f + 30 = 0. Suppose 40*m = -31*m + 426. Suppose 4*o + m = f*o. What is the units digit of o?
3
Let w(m) = -m**3 - 2*m**2 - 4*m - 4. Let n be w(-2). Suppose p = 2*p + n*b - 23, 5*b + 15 = 5*p. What is the units digit of p?
7
Let h be (-2)/(-7) - 30/7. Let z be (-6)/15*370/h. Suppose 0 = -z*n + 35*n + 140. What is the tens digit of n?
7
Let t = -2519 + 14932. What is the tens digit of t?
1
Let i = 5449 - 3094. Let r be (-27)/(((-18)/(-4))/3). What is the tens digit of i/r*-2 - 14/(-42)?
6
Suppose -7*a - 1817 = 3*x - 11*a, 2*a + 1188 = -2*x. Let q = 72 - x. What is the units digit of q?
1
Let c(s) = -377*s**3 - 3*s**2 - 4*s - 2. Suppose -4*w = 2*m + 10, -8 + 2 = 2*m + 2*w. What is the tens digit of c(m)?
7
What is the units digit of 42381 + 2 + -12 + -24 + 30?
7
Let o = 148 + -149. Let d(k) = -1009*k**3 + k**2 - k. What is the tens digit of d(o)?
1
What is the hundreds digit of (-35)/(-21)*209628/60?
8
Let m(g) = g - 9. Let x be m(13). Suppose x*i - 2*i = 20. Suppose -4*t + i*d + 192 = 5*d, -2*d = 0. What is the units digit of t?
8
Let v = -522 + 2368. What is the thousands digit of v?
1
Suppose 4*r = 2*i + 77662, 0 = -4*r + 7*r - 2*i - 58250. What is the hundreds digit of r?
4
Suppose -8*h - h = -36. What is the units digit of h/(-34) + (-968)/(-136)?
7
Let y = 1310 - 335. Let a = y - 450. What is the units digit of a?
5
Let o(d) = -944*d + 7387. What is the ten thousands digit of o(-31)?
3
Suppose 27*h = 21*h - 114. Suppose -3*o - 26 - 58 = -v, -2*v + 4*o + 176 = 0. Let c = v + h. What is the tens digit of c?
7
Let a = -6590 + 25476. What is the thousands digit of a?
8
Suppose 57*y - 2645622 - 79342 = -317*y. What is the units digit of y?
6
Let a be (14 + -6 + -9)*(2 + 0). Let h be (a - 42/(-9))*(-2153 + 2). What is the tens digit of (3/12)/((-17214)/h + -3)?
3
Let o(u) = 920*u**2 + 24*u + 115. What is the units digit of o(-8)?
3
What is the hundreds digit of 1836/144*(-10680)/(-18)?
5
Let b(y) = y**3 + 52*y**2 + 7*y + 150. What is the ten thousands digit of b(-40)?
1
Suppose 2*z + 378 - 1008 = 0. Let x = -32 + z. What is the hundreds digit of x?
2
Let h(b) be the third derivative of 139*b**5/60 - b**4/2 - 5*b**3 - 10*b**2 - 3. What is the hundreds digit of h(-2)?
5
Let f(k) = 5*k**3 - 5*k**2 + 2*k + 0*k**3 - 4*k**3 + 0*k**3 - 8. Let i be f(5). Suppose 4*x = 2*g - 162, -i*x + 160 = 2*g - 5*x. What is the tens digit of g?
7
Let f = 70 + 1392. What is the thousands digit of f?
1
Let d(x) = -x**3 + 47*x**2 - 70*x + 432. What is the hundreds digit of d(27)?
1
Suppose -5*x = q + 87, -4*q - 348 = -x - 0*x. Let o = q - -80. Let j = 122 + o. What is the hundreds digit of j?
1
Let d(q) = -1179*q - 2031. What is the thousands digit of d(-20)?
1
Let q(f) = -f**3 - 37*f**2 - 30*f + 126. Let o be q(-37). Suppose 129*r + o = 131*r. What is the tens digit of r?
1
What is the ten thousands digit of (11/(-3) - 116/87)/1 + 22665?
2
Let x(d) = -10175*d - 145. What is the thousands digit of x(-1)?
0
Let y be -3 - 144/4*-1. Suppose -16*i + y = -5*i. Suppose 1245 = 4*s + s - 5*d, -3*d = i*s - 735. What is the units digit of s?
7
Let c = 793 - -8427. What is the tens digit of c?
2
Suppose 4*c + 3*h + 7166 - 59998 = 0, 4*c - h - 52832 = 0. What is the thousands digit of c?
3
Suppose p + 1 = -5*j - 8, 0 = 2*p - 4*j - 10. Let m(o) = -13*o + 7*o + 3*o - p + 48. What is the units digit of m(0)?
7
Let b(p) be the first derivative of p**4/4 + 7*p**3/3 - 9*p**2/2 - 8*p + 27. Let h be b(-8). What is the tens digit of (59 + h - 3) + -1?
5
Suppose -4*u = 5*r + 10, r + 6 = 4*u - 2*r. Let p be (3 + -4)/((-3)/(u + 21)). Suppose 0 = p*k - 594 - 71. What is the units digit of k?
5
Let a(d) = d**2 - 2*d + 1. Let y be a(8). Suppose -1 + y = 4*x. Let f(o) = o + 37. What is the units digit of f(x)?
9
Let g be 6180/390 + 1/((-13)/(-2)). Let j = g + -61. Let c = 54 + j. What is the units digit of c?
9
Let m(f) = 4*f - 32. Let l be m(8). Suppose 2*a - n - 208 = l, -5*n = a - 153 + 27. Suppose 8*h - 1002 = -a. What is the units digit of h?
2
Let h be 28/10 + 15/75. Suppose 0 = 5*o + h*j - 8, o - 7*j = -5*j - 1. What is the units digit of o?
1
Let c(y) = -1687*y + 124. What is the thousands digit of c(-5)?
8
Let n(d) be the third derivative of -209/24*d**4 - 4/3*d**3 + 0 + 27*d**2 + 0*d. What is the units digit of 